{"id":604,"date":"2014-08-14T12:28:02","date_gmt":"2014-08-14T12:28:02","guid":{"rendered":"http:\/\/traenkhof-kapelle.de\/?page_id=604"},"modified":"2026-04-14T09:46:09","modified_gmt":"2026-04-14T09:46:09","slug":"vorstand-und-satzung","status":"publish","type":"page","link":"http:\/\/traenkhof-kapelle.de\/index.php\/vorstand-und-satzung\/","title":{"rendered":"Vorstand und Satzung"},"content":{"rendered":"<address><span style=\"font-size: 14pt;\"><strong>Der zur Zeit amtierende Vorstand (Stand 06.11.2025):<\/strong><\/span><\/address>\n<address><strong>\u00a0<\/strong><\/address>\n<address><strong>1. Vorsitzender:\u00a0\u00a0\u00a0\u00a0\u00a0\u00a0\u00a0\u00a0 Amt aktuell nicht besetzt<br \/>\n<\/strong><\/address>\n<address><strong>2. Vorsitzender:\u00a0 \u00a0 \u00a0 \u00a0 \u00a0Peter Hauke<\/strong><\/address>\n<address><strong>Kassiererin:\u00a0 \u00a0 \u00a0 \u00a0 \u00a0 \u00a0 \u00a0 \u00a0Carina Bernhardt<\/strong><\/address>\n<address><strong>Schriftf\u00fchrerin:\u00a0 \u00a0 \u00a0 \u00a0 \u00a0Ute Ochs<br \/>\n<\/strong><\/address>\n<address><strong>Beisitzer:\u00a0 \u00a0 \u00a0 \u00a0 \u00a0 \u00a0 \u00a0 \u00a0 \u00a0 \u00a0Rosemarie Hauke, Luise Bernhardt,<\/strong><\/address>\n<address><strong>\u00a0 \u00a0 \u00a0 \u00a0 \u00a0 \u00a0 \u00a0 \u00a0 \u00a0 \u00a0 \u00a0 \u00a0 \u00a0 \u00a0 \u00a0 \u00a0 \u00a0 \u00a0Hans-Georg Ochs und Katrin Kunstmann<br \/>\n<\/strong><\/address>\n<address><strong>\u00a0<\/strong><\/address>\n<address><strong>Viele Vorstandsmitglieder leisten bereits seit Gr\u00fcndung des Vereines Vorstandsarbeit, bzw. haben bereits bei der Planung und dem Bau der Kapelle tatkr\u00e4ftig mitgeholfen. Des Weiteren ist hervorzuheben, dass 6 der Vorstandsmitglieder Einwohner Tr\u00e4nkhofs sind. Das Bild stammt aus 11\/2024.<\/strong><\/address>\n<address><strong><a href=\"http:\/\/traenkhof-kapelle.de\/index.php\/vorstand-und-satzung\/photo-2024-11-07-10-29-41\/\" rel=\"attachment wp-att-1644\"><img loading=\"lazy\" decoding=\"async\" class=\"alignleft size-medium wp-image-1644\" src=\"http:\/\/traenkhof-kapelle.de\/wp-content\/uploads\/2024\/11\/PHOTO-2024-11-07-10-29-41-300x225.jpg\" alt=\"\" width=\"300\" height=\"225\" srcset=\"http:\/\/traenkhof-kapelle.de\/wp-content\/uploads\/2024\/11\/PHOTO-2024-11-07-10-29-41-300x225.jpg 300w, http:\/\/traenkhof-kapelle.de\/wp-content\/uploads\/2024\/11\/PHOTO-2024-11-07-10-29-41-1024x768.jpg 1024w, http:\/\/traenkhof-kapelle.de\/wp-content\/uploads\/2024\/11\/PHOTO-2024-11-07-10-29-41-768x576.jpg 768w, http:\/\/traenkhof-kapelle.de\/wp-content\/uploads\/2024\/11\/PHOTO-2024-11-07-10-29-41-600x450.jpg 600w, http:\/\/traenkhof-kapelle.de\/wp-content\/uploads\/2024\/11\/PHOTO-2024-11-07-10-29-41-1536x1152.jpg 1536w, http:\/\/traenkhof-kapelle.de\/wp-content\/uploads\/2024\/11\/PHOTO-2024-11-07-10-29-41.jpg 2000w\" sizes=\"auto, (max-width: 300px) 100vw, 300px\" \/><\/a><\/strong><\/address>\n<address>\u00a0<\/address>\n<address>\u00a0<\/address>\n<address>\u00a0<\/address>\n<address>\u00a0<\/address>\n<address>\u00a0<\/address>\n<address>\u00a0<\/address>\n<address>\u00a0<\/address>\n<address>\u00a0<\/address>\n<address>\u00a0<\/address>\n<address>\u00a0<\/address>\n<address><strong>\u00a0 \u00a0 \u00a0 \u00a0 \u00a0 \u00a0 \u00a0 \u00a0 \u00a0 \u00a0 \u00a0 \u00a0 \u00a0 \u00a0 \u00a0 \u00a0 \u00a0 \u00a0 \u00a0 \u00a0 \u00a0 \u00a0 \u00a0 \u00a0 \u00a0 \u00a0 \u00a0 \u00a0 \u00a0 \u00a0 \u00a0 \u00a0 \u00a0 \u00a0 \u00a0 \u00a0 \u00a0 \u00a0 \u00a0 \u00a0 \u00a0 \u00a0 \u00a0 \u00a0 \u00a0 \u00a0 \u00a0 \u00a0 \u00a0 \u00a0 \u00a0 \u00a0 \u00a0 \u00a0 \u00a0 \u00a0 \u00a0 \u00a0 \u00a0 \u00a0 \u00a0 \u00a0 \u00a0 \u00a0 \u00a0 \u00a0 \u00a0 \u00a0 \u00a0 \u00a0 \u00a0 \u00a0 \u00a0 \u00a0 \u00a0 \u00a0 \u00a0 \u00a0 \u00a0 \u00a0 \u00a0 \u00a0 \u00a0 \u00a0 \u00a0 \u00a0 \u00a0 \u00a0 \u00a0 \u00a0 \u00a0 \u00a0 \u00a0 \u00a0 \u00a0 \u00a0 \u00a0 \u00a0 \u00a0 \u00a0 \u00a0 \u00a0 \u00a0 \u00a0 \u00a0 \u00a0 \u00a0 \u00a0 \u00a0 Vordere Reihe, von links: <\/strong><\/address>\n<address><strong>Peter Hauke (2. Vorsitzender), Walter Bernhardt (nicht mehr 1. Vorsitzender seit 06.11.2024), Luise Bernhardt, Rosemarie Hauke (Beisitzerinnen)<\/strong><\/address>\n<address><strong>Hintere Reihe, von links: <\/strong><\/address>\n<address><strong>Hans-J\u00f6rg Hauke (Ehrenvorsitzender),<\/strong><strong>\u00a0Ute und Hans-Georg Ochs<\/strong><strong> (Schriftf\u00fchrerin und Beisitzer), Carina Bernhardt (Finanzen)<\/strong><\/address>\n<address>\u00a0<\/address>\n<address><strong>Die derzeit g\u00fcltige Satzung Stand 03\/2017 der St.-Josefs-Kapelle Tr\u00e4nkhof e.V.: <a href=\"http:\/\/traenkhof-kapelle.de\/index.php\/vorstand-und-satzung\/satzunggueltigefassung\/\" rel=\"attachment wp-att-1625\">Satzungg\u00fcltigeFassung<\/a><\/strong><\/address>\n<address>\u00a0<\/address>\n<address>\u00a0<\/address>\n","protected":false},"excerpt":{"rendered":"<p>Der zur Zeit amtierende Vorstand (Stand 06.11.2025): \u00a0 1. Vorsitzender:\u00a0\u00a0\u00a0\u00a0\u00a0\u00a0\u00a0\u00a0 Amt aktuell nicht besetzt 2. Vorsitzender:\u00a0 \u00a0 \u00a0 \u00a0 \u00a0Peter Hauke Kassiererin:\u00a0 \u00a0 \u00a0 \u00a0 \u00a0 \u00a0 \u00a0 \u00a0Carina Bernhardt Schriftf\u00fchrerin:\u00a0 \u00a0 \u00a0 \u00a0 \u00a0Ute Ochs Beisitzer:\u00a0 \u00a0 \u00a0 \u00a0 \u00a0 \u00a0 \u00a0 \u00a0 \u00a0 \u00a0Rosemarie Hauke, Luise Bernhardt, \u00a0 \u00a0 \u00a0 \u00a0 \u00a0 \u00a0 \u00a0 \u00a0 \u00a0 \u00a0 \u00a0<br \/><span class=\"read_more\"><a href=\"http:\/\/traenkhof-kapelle.de\/index.php\/vorstand-und-satzung\/\">Read more&#8230;<\/a><\/span><\/p>\n","protected":false},"author":1,"featured_media":0,"parent":0,"menu_order":0,"comment_status":"closed","ping_status":"closed","template":"","meta":{"_bbp_topic_count":0,"_bbp_reply_count":0,"_bbp_total_topic_count":0,"_bbp_total_reply_count":0,"_bbp_voice_count":0,"_bbp_anonymous_reply_count":0,"_bbp_topic_count_hidden":0,"_bbp_reply_count_hidden":0,"_bbp_forum_subforum_count":0,"footnotes":""},"class_list":["post-604","page","type-page","status-publish","hentry"],"jetpack_sharing_enabled":true,"_links":{"self":[{"href":"http:\/\/traenkhof-kapelle.de\/index.php\/wp-json\/wp\/v2\/pages\/604","targetHints":{"allow":["GET"]}}],"collection":[{"href":"http:\/\/traenkhof-kapelle.de\/index.php\/wp-json\/wp\/v2\/pages"}],"about":[{"href":"http:\/\/traenkhof-kapelle.de\/index.php\/wp-json\/wp\/v2\/types\/page"}],"author":[{"embeddable":true,"href":"http:\/\/traenkhof-kapelle.de\/index.php\/wp-json\/wp\/v2\/users\/1"}],"replies":[{"embeddable":true,"href":"http:\/\/traenkhof-kapelle.de\/index.php\/wp-json\/wp\/v2\/comments?post=604"}],"version-history":[{"count":1,"href":"http:\/\/traenkhof-kapelle.de\/index.php\/wp-json\/wp\/v2\/pages\/604\/revisions"}],"predecessor-version":[{"id":1771,"href":"http:\/\/traenkhof-kapelle.de\/index.php\/wp-json\/wp\/v2\/pages\/604\/revisions\/1771"}],"wp:attachment":[{"href":"http:\/\/traenkhof-kapelle.de\/index.php\/wp-json\/wp\/v2\/media?parent=604"}],"curies":[{"name":"wp","href":"https:\/\/api.w.org\/{rel}","templated":true}]}}

<address><span style="font-size: 14pt;"><strong>Der zur Zeit amtierende Vorstand (Stand 06.11.2025):</strong></span></address>
<address><strong> </strong></address>
<address><strong>1. Vorsitzender:         Amt aktuell nicht besetzt<br />
</strong></address>
<address><strong>2. Vorsitzender:         Peter Hauke</strong></address>
<address><strong>Kassiererin:               Carina Bernhardt</strong></address>
<address><strong>Schriftführerin:         Ute Ochs<br />
</strong></address>
<address><strong>Beisitzer:                   Rosemarie Hauke, Luise Bernhardt,</strong></address>
<address><strong>                                   Hans-Georg Ochs und Katrin Kunstmann<br />
</strong></address>
<address><strong> </strong></address>
<address><strong>Viele Vorstandsmitglieder leisten bereits seit Gründung des Vereines Vorstandsarbeit, bzw. haben bereits bei der Planung und dem Bau der Kapelle tatkräftig mitgeholfen. Des Weiteren ist hervorzuheben, dass 6 der Vorstandsmitglieder Einwohner Tränkhofs sind. Das Bild stammt aus 11/2024.</strong></address>
<address><strong><a href="http://traenkhof-kapelle.de/index.php/vorstand-und-satzung/photo-2024-11-07-10-29-41/" rel="attachment wp-att-1644"><img loading="lazy" decoding="async" class="alignleft size-medium wp-image-1644" src="http://traenkhof-kapelle.de/wp-content/uploads/2024/11/PHOTO-2024-11-07-10-29-41-300x225.jpg" alt="" width="300" height="225" srcset="http://traenkhof-kapelle.de/wp-content/uploads/2024/11/PHOTO-2024-11-07-10-29-41-300x225.jpg 300w, http://traenkhof-kapelle.de/wp-content/uploads/2024/11/PHOTO-2024-11-07-10-29-41-1024x768.jpg 1024w, http://traenkhof-kapelle.de/wp-content/uploads/2024/11/PHOTO-2024-11-07-10-29-41-768x576.jpg 768w, http://traenkhof-kapelle.de/wp-content/uploads/2024/11/PHOTO-2024-11-07-10-29-41-600x450.jpg 600w, http://traenkhof-kapelle.de/wp-content/uploads/2024/11/PHOTO-2024-11-07-10-29-41-1536x1152.jpg 1536w, http://traenkhof-kapelle.de/wp-content/uploads/2024/11/PHOTO-2024-11-07-10-29-41.jpg 2000w" sizes="auto, (max-width: 300px) 100vw, 300px" /></a></strong></address>
<address> </address>
<address> </address>
<address> </address>
<address> </address>
<address> </address>
<address> </address>
<address> </address>
<address> </address>
<address> </address>
<address> </address>
<address><strong>                                                                                                                                                                                                                          Vordere Reihe, von links: </strong></address>
<address><strong>Peter Hauke (2. Vorsitzender), Walter Bernhardt (nicht mehr 1. Vorsitzender seit 06.11.2024), Luise Bernhardt, Rosemarie Hauke (Beisitzerinnen)</strong></address>
<address><strong>Hintere Reihe, von links: </strong></address>
<address><strong>Hans-Jörg Hauke (Ehrenvorsitzender),</strong><strong> Ute und Hans-Georg Ochs</strong><strong> (Schriftführerin und Beisitzer), Carina Bernhardt (Finanzen)</strong></address>
<address> </address>
<address><strong>Die derzeit gültige Satzung Stand 03/2017 der St.-Josefs-Kapelle Tränkhof e.V.: <a href="http://traenkhof-kapelle.de/index.php/vorstand-und-satzung/satzunggueltigefassung/" rel="attachment wp-att-1625">SatzunggültigeFassung</a></strong></address>
<address> </address>
<address> </address>

<p>Der zur Zeit amtierende Vorstand (Stand 06.11.2025):   1. Vorsitzender:         Amt aktuell nicht besetzt 2. Vorsitzender:         Peter Hauke Kassiererin:               Carina Bernhardt Schriftführerin:         Ute Ochs Beisitzer:                   Rosemarie Hauke, Luise Bernhardt,                      <br /><span class="read_more"><a href="http://traenkhof-kapelle.de/index.php/vorstand-und-satzung/">Read more&#8230;</a></span></p>
