{"id":388,"date":"2014-08-02T19:18:38","date_gmt":"2014-08-02T19:18:38","guid":{"rendered":"http:\/\/traenkhof-kapelle.de\/?page_id=388"},"modified":"2017-09-03T16:05:48","modified_gmt":"2017-09-03T16:05:48","slug":"josefslied","status":"publish","type":"page","link":"http:\/\/traenkhof-kapelle.de\/index.php\/josefslied\/","title":{"rendered":"Der Heilige Josef"},"content":{"rendered":"<address class=\"bodytext\"><strong><span style=\"color: #333333;\"><em>Lebensdaten:<\/em><\/span><br \/>\n<\/strong><\/address>\n<address class=\"mceTemp\">\n<div id=\"attachment_511\" style=\"width: 160px\" class=\"wp-caption alignright\"><a href=\"http:\/\/traenkhof-kapelle.de\/josefslied\/der-hl-josef-von-guido-reni\/\" rel=\"attachment wp-att-511\"><img loading=\"lazy\" decoding=\"async\" aria-describedby=\"caption-attachment-511\" class=\"size-thumbnail wp-image-511\" src=\"http:\/\/traenkhof-kapelle.de\/wp-content\/uploads\/2014\/08\/der-hl.-josef-von-guido-reni-150x150.jpg\" alt=\"Der hl. Josef gemalt von Guido Reni, 1640\u20131642 (typische Darstellung der Barockzeit)\" width=\"150\" height=\"150\" srcset=\"http:\/\/traenkhof-kapelle.de\/wp-content\/uploads\/2014\/08\/der-hl.-josef-von-guido-reni-150x150.jpg 150w, http:\/\/traenkhof-kapelle.de\/wp-content\/uploads\/2014\/08\/der-hl.-josef-von-guido-reni-200x200.jpg 200w\" sizes=\"auto, (max-width: 150px) 100vw, 150px\" \/><\/a><p id=\"caption-attachment-511\" class=\"wp-caption-text\">Der hl. Josef gemalt von Guido Reni, 1640\u20131642 (typische Darstellung der Barockzeit)<\/p><\/div>\n<\/address>\n<address class=\"bodytext\"><strong>\u00a0Geboren in Nazaret, gestorben im 1. Jahrhundert.<\/strong><\/address>\n<address class=\"bodytext\">\u00a0<\/address>\n<address class=\"bodytext\" style=\"text-align: left;\"><strong>Vita: <\/strong><\/address>\n<address class=\"bodytext\" style=\"text-align: left;\"><strong>Josef stammte aus dem Geschlecht K\u00f6nig Davids und lebte als Zimmermann in Nazaret in Galil\u00e4a. Er war der Verlobte der Gottesmutter Maria. Als Maria schwanger wurde, wollte sich Josef in aller Stille von ihr trennen. Doch im Traum erschien ihm ein Engel der ihn in das Geheimnis der\u00a0\u00a0 g\u00f6ttlichen Empf\u00e4ngnis Mariens einweihte. Von diesem Tag an lebte das Paar in jungfr\u00e4ulicher Ehe. Auf dem Weg zur von Kaiser Augustus angeordneten Volksz\u00e4hlung gebar Maria in einem Stall nahe einen Sohn, dem Josef den Namen Jesus. Er floh mit Mutter und Kind vor den H\u00e4schern des Herodes nach \u00c4gypten und kehrte erst nach Nazaret zur\u00fcck, als er von Herodes\u2019 Tod h\u00f6rte. Als Jesus zw\u00f6lf Jahre alt war, pilgerte die Familie zum Osterfest nach Jerusalem. Diese Begebenheit ist das letzte Mal, dass Josef in der Heiligen Schrift erw\u00e4hnt wird. Man nimmt er sei zwischen der Pilgerreise und Jesu Wirken gestorben. Vorstellbar ist allerdings auch, dass er sich von da an immer im Hintergrund\u00a0 und dass deswegen in den Evangelien nicht n\u00e4her auf ihn eingegangen wird.<\/strong><\/address>\n<address class=\"bodytext\" style=\"text-align: left;\">\u00a0<\/address>\n<address class=\"bodytext\"><strong>Brauchtum: <\/strong><\/address>\n<address class=\"bodytext\"><strong>Josef geh\u00f6rt zu den meist verehrten Heiligen \u00fcberhaupt. Im Orient begann seine Verehrung bereits sehr fr\u00fch, die erste Erw\u00e4hnung in einem Heiligenkalender des Abendlandes findet sich f\u00fcr Josef erst um 850. Gro\u00dfe Kirchenpers\u00f6nlichkeiten wie Bernhard von Clairvaux, Theresia von Avila oder Franz von Sales sowie insbesondere die Franziskaner f\u00f6rderten die liturgische und volkst\u00fcmliche Verehrung des N\u00e4hrvaters Jesu.<\/strong><\/address>\n<address dir=\"ltr\" style=\"margin-right: 0px;\">\n<p class=\"bodytext\"><strong>Am Josefi-Tag sind besonders in den Alpenl\u00e4ndern verschiedene Br\u00e4uche bekannt, darunter das Verteilen der &#8222;Josefi-K\u00fccherln&#8220;, eines Schmalzgeb\u00e4cks. Warum der heilige Josef genau am 19. M\u00e4rz gefeiert wird, ist nicht sicher. Vielleicht, weil dieses Datum nahe am Fest Mari\u00e4 Verk\u00fcndigung (25. M\u00e4rz) liegt, oder weil bereits im alten Rom der 19. M\u00e4rz als Fest der G\u00f6ttin Minerva, der Schutzpatronin der Handwerker, begangen wurde.<\/strong><\/p>\n<\/address>\n<address class=\"bodytext\"><strong>Namensbedeutung: <\/strong><\/address>\n<address class=\"bodytext\"><strong>Josef ist hebr\u00e4isch und bedeutet &#8222;(Gott) m\u00f6ge hinzuf\u00fcgen&#8220;.<\/strong><\/address>\n<address class=\"bodytext\"><strong>\u00a0<\/strong><\/address>\n<address class=\"bodytext\"><strong>Namensableitungen:\u00a0<\/strong><\/address>\n<address class=\"bodytext\"><strong>Von &#8222;Josef&#8220; gibt es die Verkleinerungsformen Sepp und Jupp. Dar\u00fcber hinaus lassen sich die Namen Giuseppe, Joe, Joey und Jussuf auf &#8222;Josef&#8220; zur\u00fcckf\u00fchren.<\/strong><\/address>\n<address class=\"bodytext\"><strong>\u00a0<\/strong><\/address>\n<address class=\"bodytext\"><strong>Darstellung: <\/strong><\/address>\n<address class=\"bodytext\"><strong>Josef wird dargestellt als Zimmermann mit seinen Ger\u00e4ten, mit Wanderstab, Jesuskind oder einer weissenLilie.<\/strong><\/address>\n<address class=\"bodytext\"><strong>\u00a0<\/strong><\/address>\n<address class=\"bodytext\"><strong>Patron: <\/strong><\/address>\n<address class=\"bodytext\"><strong>Papst Pius IX. erhob Josef im Jahre 1870 zum Patron der gesamten Kirche. Au\u00dferdem ist er Patron der nach ihm benannten Ordensgenossenschaften, Bruderschaften und Vereine, der Eheleute und der christlichen Familien, der Kinder, Jugendlichen, Jungfrauen, Waisen, Erzieher, Reisenden, Verbannten, Sterbenden, Arbeiter, Handwerker, Holzhauer, Ingenieure, Tischler, Totengr\u00e4ber, Wagner, Zimmerleute, in Wohnungsnot, in Versuchungen, verzweifelten Situationen, bei Augenleiden, der Keuschheit, f\u00fcr einen guten Tod.<\/strong><\/address>\n<address><strong><span id=\"Kirchengeb.C3.A4ude\" class=\"mw-headline\">\u00a0<\/span><\/strong><\/address>\n<address><strong>Josefslied: <\/strong><\/address>\n<address><strong>Du aus Davids Stamm geboren,<\/strong><\/address>\n<address><strong>Br\u00e4utigam der Jungfrau rein,\u00a0\u00a0\u00a0<\/strong><\/address>\n<address><strong>den der Vater auserkoren,<\/strong><\/address>\n<address><strong>Diener seinem Sohn zu sein! \u00a0\u00a0\u00a0\u00a0\u00a0\u00a0\u00a0<\/strong><\/address>\n<address><strong>\u00a0\u00a0\u00a0\u00a0\u00a0\u00a0\u00a0\u00a0\u00a0\u00a0\u00a0\u00a0\u00a0\u00a0\u00a0\u00a0\u00a0\u00a0\u00a0\u00a0\u00a0\u00a0\u00a0\u00a0\u00a0\u00a0\u00a0\u00a0\u00a0\u00a0\u00a0\u00a0\u00a0\u00a0\u00a0\u00a0\u00a0\u00a0\u00a0\u00a0\u00a0\u00a0\u00a0\u00a0\u00a0\u00a0\u00a0\u00a0\u00a0\u00a0\u00a0\u00a0\u00a0\u00a0\u00a0<\/strong><\/address>\n<address><strong><a href=\"http:\/\/traenkhof-kapelle.de\/josefslied\/josef-mit-stab-und-lilie\/\" rel=\"attachment wp-att-512\"><img loading=\"lazy\" decoding=\"async\" class=\"alignright wp-image-512\" src=\"http:\/\/traenkhof-kapelle.de\/wp-content\/uploads\/2014\/08\/josef-mit-stab-und-lilie-284x300.jpg\" alt=\"Josef mit Stab und Lilie\" width=\"295\" height=\"311\" srcset=\"http:\/\/traenkhof-kapelle.de\/wp-content\/uploads\/2014\/08\/josef-mit-stab-und-lilie-284x300.jpg 284w, http:\/\/traenkhof-kapelle.de\/wp-content\/uploads\/2014\/08\/josef-mit-stab-und-lilie.jpg 298w\" sizes=\"auto, (max-width: 295px) 100vw, 295px\" \/><\/a>Gottes Wort hat dich geleitet,<\/strong><\/address>\n<address><strong>durch die Dunkelheit der Zeit.<\/strong><br \/>\n<strong> Hilf dem Volk, das hier noch streitet,<\/strong><\/address>\n<address><strong>auf dem Weg zur Heiligkeit!<\/strong><\/address>\n<address><strong>\u00a0<\/strong><\/address>\n<address><strong>Gottes Reich hier zu entfalten,<\/strong><\/address>\n<address><strong>ruft uns auf der Herr der Welt.<\/strong><br \/>\n<strong> Unsre Erde zu gestalten,<\/strong><\/address>\n<address><strong>hat der Vater uns bestellt.<\/strong><\/address>\n<address><strong>\u00a0<\/strong><\/address>\n<address><strong>Heil\u2019ger Josef, gib Gelingen.<\/strong><\/address>\n<address><strong>Unsrer Arbeit, unserem Tun.<\/strong><br \/>\n<strong> Alles, was wir hier beginnen,<\/strong><\/address>\n<address><strong>trage bei zu Gottes Rum!<\/strong><br \/>\n<strong> GL 889<\/strong><\/address>\n","protected":false},"excerpt":{"rendered":"<p>Lebensdaten: \u00a0Geboren in Nazaret, gestorben im 1. Jahrhundert. \u00a0 Vita: Josef stammte aus dem Geschlecht K\u00f6nig Davids und lebte als Zimmermann in Nazaret in Galil\u00e4a. Er war der Verlobte der Gottesmutter Maria. Als Maria schwanger wurde, wollte sich Josef in aller Stille von ihr trennen. Doch im Traum erschien ihm ein Engel der ihn in das Geheimnis der\u00a0\u00a0 g\u00f6ttlichen Empf\u00e4ngnis<br \/><span class=\"read_more\"><a href=\"http:\/\/traenkhof-kapelle.de\/index.php\/josefslied\/\">Read more&#8230;<\/a><\/span><\/p>\n","protected":false},"author":1,"featured_media":0,"parent":0,"menu_order":0,"comment_status":"closed","ping_status":"closed","template":"","meta":{"_bbp_topic_count":0,"_bbp_reply_count":0,"_bbp_total_topic_count":0,"_bbp_total_reply_count":0,"_bbp_voice_count":0,"_bbp_anonymous_reply_count":0,"_bbp_topic_count_hidden":0,"_bbp_reply_count_hidden":0,"_bbp_forum_subforum_count":0,"footnotes":""},"class_list":["post-388","page","type-page","status-publish","hentry"],"jetpack_sharing_enabled":true,"_links":{"self":[{"href":"http:\/\/traenkhof-kapelle.de\/index.php\/wp-json\/wp\/v2\/pages\/388","targetHints":{"allow":["GET"]}}],"collection":[{"href":"http:\/\/traenkhof-kapelle.de\/index.php\/wp-json\/wp\/v2\/pages"}],"about":[{"href":"http:\/\/traenkhof-kapelle.de\/index.php\/wp-json\/wp\/v2\/types\/page"}],"author":[{"embeddable":true,"href":"http:\/\/traenkhof-kapelle.de\/index.php\/wp-json\/wp\/v2\/users\/1"}],"replies":[{"embeddable":true,"href":"http:\/\/traenkhof-kapelle.de\/index.php\/wp-json\/wp\/v2\/comments?post=388"}],"version-history":[{"count":0,"href":"http:\/\/traenkhof-kapelle.de\/index.php\/wp-json\/wp\/v2\/pages\/388\/revisions"}],"wp:attachment":[{"href":"http:\/\/traenkhof-kapelle.de\/index.php\/wp-json\/wp\/v2\/media?parent=388"}],"curies":[{"name":"wp","href":"https:\/\/api.w.org\/{rel}","templated":true}]}}

<address class="bodytext"><strong><span style="color: #333333;"><em>Lebensdaten:</em></span><br />
</strong></address>
<address class="mceTemp">
<div id="attachment_511" style="width: 160px" class="wp-caption alignright"><a href="http://traenkhof-kapelle.de/josefslied/der-hl-josef-von-guido-reni/" rel="attachment wp-att-511"><img loading="lazy" decoding="async" aria-describedby="caption-attachment-511" class="size-thumbnail wp-image-511" src="http://traenkhof-kapelle.de/wp-content/uploads/2014/08/der-hl.-josef-von-guido-reni-150x150.jpg" alt="Der hl. Josef gemalt von Guido Reni, 1640–1642 (typische Darstellung der Barockzeit)" width="150" height="150" srcset="http://traenkhof-kapelle.de/wp-content/uploads/2014/08/der-hl.-josef-von-guido-reni-150x150.jpg 150w, http://traenkhof-kapelle.de/wp-content/uploads/2014/08/der-hl.-josef-von-guido-reni-200x200.jpg 200w" sizes="auto, (max-width: 150px) 100vw, 150px" /></a><p id="caption-attachment-511" class="wp-caption-text">Der hl. Josef gemalt von Guido Reni, 1640–1642 (typische Darstellung der Barockzeit)</p></div>
</address>
<address class="bodytext"><strong> Geboren in Nazaret, gestorben im 1. Jahrhundert.</strong></address>
<address class="bodytext"> </address>
<address class="bodytext" style="text-align: left;"><strong>Vita: </strong></address>
<address class="bodytext" style="text-align: left;"><strong>Josef stammte aus dem Geschlecht König Davids und lebte als Zimmermann in Nazaret in Galiläa. Er war der Verlobte der Gottesmutter Maria. Als Maria schwanger wurde, wollte sich Josef in aller Stille von ihr trennen. Doch im Traum erschien ihm ein Engel der ihn in das Geheimnis der   göttlichen Empfängnis Mariens einweihte. Von diesem Tag an lebte das Paar in jungfräulicher Ehe. Auf dem Weg zur von Kaiser Augustus angeordneten Volkszählung gebar Maria in einem Stall nahe einen Sohn, dem Josef den Namen Jesus. Er floh mit Mutter und Kind vor den Häschern des Herodes nach Ägypten und kehrte erst nach Nazaret zurück, als er von Herodes’ Tod hörte. Als Jesus zwölf Jahre alt war, pilgerte die Familie zum Osterfest nach Jerusalem. Diese Begebenheit ist das letzte Mal, dass Josef in der Heiligen Schrift erwähnt wird. Man nimmt er sei zwischen der Pilgerreise und Jesu Wirken gestorben. Vorstellbar ist allerdings auch, dass er sich von da an immer im Hintergrund  und dass deswegen in den Evangelien nicht näher auf ihn eingegangen wird.</strong></address>
<address class="bodytext" style="text-align: left;"> </address>
<address class="bodytext"><strong>Brauchtum: </strong></address>
<address class="bodytext"><strong>Josef gehört zu den meist verehrten Heiligen überhaupt. Im Orient begann seine Verehrung bereits sehr früh, die erste Erwähnung in einem Heiligenkalender des Abendlandes findet sich für Josef erst um 850. Große Kirchenpersönlichkeiten wie Bernhard von Clairvaux, Theresia von Avila oder Franz von Sales sowie insbesondere die Franziskaner förderten die liturgische und volkstümliche Verehrung des Nährvaters Jesu.</strong></address>
<address dir="ltr" style="margin-right: 0px;">
<p class="bodytext"><strong>Am Josefi-Tag sind besonders in den Alpenländern verschiedene Bräuche bekannt, darunter das Verteilen der &#8222;Josefi-Kücherln&#8220;, eines Schmalzgebäcks. Warum der heilige Josef genau am 19. März gefeiert wird, ist nicht sicher. Vielleicht, weil dieses Datum nahe am Fest Mariä Verkündigung (25. März) liegt, oder weil bereits im alten Rom der 19. März als Fest der Göttin Minerva, der Schutzpatronin der Handwerker, begangen wurde.</strong></p>
</address>
<address class="bodytext"><strong>Namensbedeutung: </strong></address>
<address class="bodytext"><strong>Josef ist hebräisch und bedeutet &#8222;(Gott) möge hinzufügen&#8220;.</strong></address>
<address class="bodytext"><strong> </strong></address>
<address class="bodytext"><strong>Namensableitungen: </strong></address>
<address class="bodytext"><strong>Von &#8222;Josef&#8220; gibt es die Verkleinerungsformen Sepp und Jupp. Darüber hinaus lassen sich die Namen Giuseppe, Joe, Joey und Jussuf auf &#8222;Josef&#8220; zurückführen.</strong></address>
<address class="bodytext"><strong> </strong></address>
<address class="bodytext"><strong>Darstellung: </strong></address>
<address class="bodytext"><strong>Josef wird dargestellt als Zimmermann mit seinen Geräten, mit Wanderstab, Jesuskind oder einer weissenLilie.</strong></address>
<address class="bodytext"><strong> </strong></address>
<address class="bodytext"><strong>Patron: </strong></address>
<address class="bodytext"><strong>Papst Pius IX. erhob Josef im Jahre 1870 zum Patron der gesamten Kirche. Außerdem ist er Patron der nach ihm benannten Ordensgenossenschaften, Bruderschaften und Vereine, der Eheleute und der christlichen Familien, der Kinder, Jugendlichen, Jungfrauen, Waisen, Erzieher, Reisenden, Verbannten, Sterbenden, Arbeiter, Handwerker, Holzhauer, Ingenieure, Tischler, Totengräber, Wagner, Zimmerleute, in Wohnungsnot, in Versuchungen, verzweifelten Situationen, bei Augenleiden, der Keuschheit, für einen guten Tod.</strong></address>
<address><strong><span id="Kirchengeb.C3.A4ude" class="mw-headline"> </span></strong></address>
<address><strong>Josefslied: </strong></address>
<address><strong>Du aus Davids Stamm geboren,</strong></address>
<address><strong>Bräutigam der Jungfrau rein,   </strong></address>
<address><strong>den der Vater auserkoren,</strong></address>
<address><strong>Diener seinem Sohn zu sein!        </strong></address>
<address><strong>                                                       </strong></address>
<address><strong><a href="http://traenkhof-kapelle.de/josefslied/josef-mit-stab-und-lilie/" rel="attachment wp-att-512"><img loading="lazy" decoding="async" class="alignright wp-image-512" src="http://traenkhof-kapelle.de/wp-content/uploads/2014/08/josef-mit-stab-und-lilie-284x300.jpg" alt="Josef mit Stab und Lilie" width="295" height="311" srcset="http://traenkhof-kapelle.de/wp-content/uploads/2014/08/josef-mit-stab-und-lilie-284x300.jpg 284w, http://traenkhof-kapelle.de/wp-content/uploads/2014/08/josef-mit-stab-und-lilie.jpg 298w" sizes="auto, (max-width: 295px) 100vw, 295px" /></a>Gottes Wort hat dich geleitet,</strong></address>
<address><strong>durch die Dunkelheit der Zeit.</strong><br />
<strong> Hilf dem Volk, das hier noch streitet,</strong></address>
<address><strong>auf dem Weg zur Heiligkeit!</strong></address>
<address><strong> </strong></address>
<address><strong>Gottes Reich hier zu entfalten,</strong></address>
<address><strong>ruft uns auf der Herr der Welt.</strong><br />
<strong> Unsre Erde zu gestalten,</strong></address>
<address><strong>hat der Vater uns bestellt.</strong></address>
<address><strong> </strong></address>
<address><strong>Heil’ger Josef, gib Gelingen.</strong></address>
<address><strong>Unsrer Arbeit, unserem Tun.</strong><br />
<strong> Alles, was wir hier beginnen,</strong></address>
<address><strong>trage bei zu Gottes Rum!</strong><br />
<strong> GL 889</strong></address>

<p>Lebensdaten:  Geboren in Nazaret, gestorben im 1. Jahrhundert.   Vita: Josef stammte aus dem Geschlecht König Davids und lebte als Zimmermann in Nazaret in Galiläa. Er war der Verlobte der Gottesmutter Maria. Als Maria schwanger wurde, wollte sich Josef in aller Stille von ihr trennen. Doch im Traum erschien ihm ein Engel der ihn in das Geheimnis der   göttlichen Empfängnis<br /><span class="read_more"><a href="http://traenkhof-kapelle.de/index.php/josefslied/">Read more&#8230;</a></span></p>
