{"id":364,"date":"2014-08-02T18:59:38","date_gmt":"2014-08-02T18:59:38","guid":{"rendered":"http:\/\/traenkhof-kapelle.de\/?page_id=364"},"modified":"2017-09-02T19:28:21","modified_gmt":"2017-09-02T19:28:21","slug":"unsere-krippe","status":"publish","type":"page","link":"http:\/\/traenkhof-kapelle.de\/index.php\/unsere-krippe\/","title":{"rendered":"Unsere Krippe"},"content":{"rendered":"<h3>Bei der Jahreshauptversammlung des Kapellenvereins im Januar 2003 \u00e4u\u00dferten mehrere Mitglieder den Wunsch, eine <strong>Weihnachtskrippe<\/strong> f\u00fcr die Kapelle schnitzen zu lassen. Insbesondere der zweite Vorsitzende Hans-Georg Ochs forcierte diesen Plan sehr, so da\u00df Hermann Langgut aus Elters bereits im Sp\u00e4tsommer anfing, die 40-cm- gro\u00dfen Figuren nach barocker Art zu schnitzen. Egon Bott aus Abtsroda fasste sie farbig ein und Richard B\u00fcttner aus Poppenhausen schuf als Ort der Geburt eine steinerne Ruine. Der Krippenberg wurde im Alterraum der Kapelle aufgebaut, und zwar auf einem zusammenklappbaren Altartisch, der vorher eigens angefertigt worden war. Er hat ein bemaltes historisches Antependium (Vorderfront), das man im Kunsthandel erwerben konnte. Weil die neue Krippe in der Weihnachtsausgabe 2003 der Fuldaer Zeitung abgebildet und beschrieben war, kamen w\u00e4hrend und nach den Weihnachtstagen gro\u00dfe Besuchermengen nach Tr\u00e4nkhof und waren von der Darstellung der Geburt Jesu begeistert. Der neue Klappalter findet auch bei den Gottesdiensten im Freien Verwendung.<\/h3>\n\n\t\t<style type=\"text\/css\">\n\t\t\t#gallery-1 {\n\t\t\t\tmargin: auto;\n\t\t\t}\n\t\t\t#gallery-1 .gallery-item {\n\t\t\t\tfloat: left;\n\t\t\t\tmargin-top: 10px;\n\t\t\t\ttext-align: center;\n\t\t\t\twidth: 100%;\n\t\t\t}\n\t\t\t#gallery-1 img {\n\t\t\t\tborder: 2px solid #cfcfcf;\n\t\t\t}\n\t\t\t#gallery-1 .gallery-caption {\n\t\t\t\tmargin-left: 0;\n\t\t\t}\n\t\t\t\/* see gallery_shortcode() in wp-includes\/media.php *\/\n\t\t<\/style>\n\t\t<div id='gallery-1' class='gallery galleryid-364 gallery-columns-1 gallery-size-large'><dl class='gallery-item'>\n\t\t\t<dt class='gallery-icon landscape'>\n\t\t\t\t<a href='http:\/\/traenkhof-kapelle.de\/index.php\/unsere-krippe\/img_6078\/'><img loading=\"lazy\" decoding=\"async\" width=\"600\" height=\"400\" src=\"http:\/\/traenkhof-kapelle.de\/wp-content\/uploads\/2014\/08\/IMG_6078-1024x683.jpg\" class=\"attachment-large size-large\" alt=\"\" srcset=\"http:\/\/traenkhof-kapelle.de\/wp-content\/uploads\/2014\/08\/IMG_6078-1024x683.jpg 1024w, http:\/\/traenkhof-kapelle.de\/wp-content\/uploads\/2014\/08\/IMG_6078-300x200.jpg 300w, http:\/\/traenkhof-kapelle.de\/wp-content\/uploads\/2014\/08\/IMG_6078-768x512.jpg 768w, http:\/\/traenkhof-kapelle.de\/wp-content\/uploads\/2014\/08\/IMG_6078-600x400.jpg 600w\" sizes=\"auto, (max-width: 600px) 100vw, 600px\" \/><\/a>\n\t\t\t<\/dt><\/dl><br style=\"clear: both\" \/><dl class='gallery-item'>\n\t\t\t<dt class='gallery-icon landscape'>\n\t\t\t\t<a href='http:\/\/traenkhof-kapelle.de\/index.php\/unsere-krippe\/img_6079\/'><img loading=\"lazy\" decoding=\"async\" width=\"600\" height=\"400\" src=\"http:\/\/traenkhof-kapelle.de\/wp-content\/uploads\/2014\/08\/IMG_6079-1024x683.jpg\" class=\"attachment-large size-large\" alt=\"\" srcset=\"http:\/\/traenkhof-kapelle.de\/wp-content\/uploads\/2014\/08\/IMG_6079-1024x683.jpg 1024w, http:\/\/traenkhof-kapelle.de\/wp-content\/uploads\/2014\/08\/IMG_6079-300x200.jpg 300w, http:\/\/traenkhof-kapelle.de\/wp-content\/uploads\/2014\/08\/IMG_6079-768x512.jpg 768w, http:\/\/traenkhof-kapelle.de\/wp-content\/uploads\/2014\/08\/IMG_6079-600x400.jpg 600w\" sizes=\"auto, (max-width: 600px) 100vw, 600px\" \/><\/a>\n\t\t\t<\/dt><\/dl><br style=\"clear: both\" \/><dl class='gallery-item'>\n\t\t\t<dt class='gallery-icon landscape'>\n\t\t\t\t<a href='http:\/\/traenkhof-kapelle.de\/index.php\/unsere-krippe\/img_6081\/'><img loading=\"lazy\" decoding=\"async\" width=\"600\" height=\"400\" src=\"http:\/\/traenkhof-kapelle.de\/wp-content\/uploads\/2014\/08\/IMG_6081-1024x683.jpg\" class=\"attachment-large size-large\" alt=\"\" srcset=\"http:\/\/traenkhof-kapelle.de\/wp-content\/uploads\/2014\/08\/IMG_6081-1024x683.jpg 1024w, http:\/\/traenkhof-kapelle.de\/wp-content\/uploads\/2014\/08\/IMG_6081-300x200.jpg 300w, http:\/\/traenkhof-kapelle.de\/wp-content\/uploads\/2014\/08\/IMG_6081-768x512.jpg 768w, http:\/\/traenkhof-kapelle.de\/wp-content\/uploads\/2014\/08\/IMG_6081-600x400.jpg 600w\" sizes=\"auto, (max-width: 600px) 100vw, 600px\" \/><\/a>\n\t\t\t<\/dt><\/dl><br style=\"clear: both\" \/><dl class='gallery-item'>\n\t\t\t<dt class='gallery-icon landscape'>\n\t\t\t\t<a href='http:\/\/traenkhof-kapelle.de\/index.php\/unsere-krippe\/img_6082\/'><img loading=\"lazy\" decoding=\"async\" width=\"600\" height=\"400\" src=\"http:\/\/traenkhof-kapelle.de\/wp-content\/uploads\/2014\/08\/IMG_6082-1024x683.jpg\" class=\"attachment-large size-large\" alt=\"\" srcset=\"http:\/\/traenkhof-kapelle.de\/wp-content\/uploads\/2014\/08\/IMG_6082-1024x683.jpg 1024w, http:\/\/traenkhof-kapelle.de\/wp-content\/uploads\/2014\/08\/IMG_6082-300x200.jpg 300w, http:\/\/traenkhof-kapelle.de\/wp-content\/uploads\/2014\/08\/IMG_6082-768x512.jpg 768w, http:\/\/traenkhof-kapelle.de\/wp-content\/uploads\/2014\/08\/IMG_6082-600x400.jpg 600w\" sizes=\"auto, (max-width: 600px) 100vw, 600px\" \/><\/a>\n\t\t\t<\/dt><\/dl><br style=\"clear: both\" \/><dl class='gallery-item'>\n\t\t\t<dt class='gallery-icon landscape'>\n\t\t\t\t<a href='http:\/\/traenkhof-kapelle.de\/index.php\/unsere-krippe\/img_6085\/'><img loading=\"lazy\" decoding=\"async\" width=\"600\" height=\"400\" src=\"http:\/\/traenkhof-kapelle.de\/wp-content\/uploads\/2014\/08\/IMG_6085-1024x683.jpg\" class=\"attachment-large size-large\" alt=\"\" srcset=\"http:\/\/traenkhof-kapelle.de\/wp-content\/uploads\/2014\/08\/IMG_6085-1024x683.jpg 1024w, http:\/\/traenkhof-kapelle.de\/wp-content\/uploads\/2014\/08\/IMG_6085-300x200.jpg 300w, http:\/\/traenkhof-kapelle.de\/wp-content\/uploads\/2014\/08\/IMG_6085-768x512.jpg 768w, http:\/\/traenkhof-kapelle.de\/wp-content\/uploads\/2014\/08\/IMG_6085-600x400.jpg 600w\" sizes=\"auto, (max-width: 600px) 100vw, 600px\" \/><\/a>\n\t\t\t<\/dt><\/dl><br style=\"clear: both\" \/><dl class='gallery-item'>\n\t\t\t<dt class='gallery-icon landscape'>\n\t\t\t\t<a href='http:\/\/traenkhof-kapelle.de\/index.php\/unsere-krippe\/img_6087\/'><img loading=\"lazy\" decoding=\"async\" width=\"600\" height=\"400\" src=\"http:\/\/traenkhof-kapelle.de\/wp-content\/uploads\/2014\/08\/IMG_6087-1024x683.jpg\" class=\"attachment-large size-large\" alt=\"\" srcset=\"http:\/\/traenkhof-kapelle.de\/wp-content\/uploads\/2014\/08\/IMG_6087-1024x683.jpg 1024w, http:\/\/traenkhof-kapelle.de\/wp-content\/uploads\/2014\/08\/IMG_6087-300x200.jpg 300w, http:\/\/traenkhof-kapelle.de\/wp-content\/uploads\/2014\/08\/IMG_6087-768x512.jpg 768w, http:\/\/traenkhof-kapelle.de\/wp-content\/uploads\/2014\/08\/IMG_6087-600x400.jpg 600w\" sizes=\"auto, (max-width: 600px) 100vw, 600px\" \/><\/a>\n\t\t\t<\/dt><\/dl><br style=\"clear: both\" \/><dl class='gallery-item'>\n\t\t\t<dt class='gallery-icon landscape'>\n\t\t\t\t<a href='http:\/\/traenkhof-kapelle.de\/index.php\/unsere-krippe\/img_6088\/'><img loading=\"lazy\" decoding=\"async\" width=\"600\" height=\"400\" src=\"http:\/\/traenkhof-kapelle.de\/wp-content\/uploads\/2014\/08\/IMG_6088-1024x683.jpg\" class=\"attachment-large size-large\" alt=\"\" srcset=\"http:\/\/traenkhof-kapelle.de\/wp-content\/uploads\/2014\/08\/IMG_6088-1024x683.jpg 1024w, http:\/\/traenkhof-kapelle.de\/wp-content\/uploads\/2014\/08\/IMG_6088-300x200.jpg 300w, http:\/\/traenkhof-kapelle.de\/wp-content\/uploads\/2014\/08\/IMG_6088-768x512.jpg 768w, http:\/\/traenkhof-kapelle.de\/wp-content\/uploads\/2014\/08\/IMG_6088-600x400.jpg 600w\" sizes=\"auto, (max-width: 600px) 100vw, 600px\" \/><\/a>\n\t\t\t<\/dt><\/dl><br style=\"clear: both\" \/><dl class='gallery-item'>\n\t\t\t<dt class='gallery-icon landscape'>\n\t\t\t\t<a href='http:\/\/traenkhof-kapelle.de\/index.php\/unsere-krippe\/img_6089\/'><img loading=\"lazy\" decoding=\"async\" width=\"600\" height=\"400\" src=\"http:\/\/traenkhof-kapelle.de\/wp-content\/uploads\/2014\/08\/IMG_6089-1024x683.jpg\" class=\"attachment-large size-large\" alt=\"\" srcset=\"http:\/\/traenkhof-kapelle.de\/wp-content\/uploads\/2014\/08\/IMG_6089-1024x683.jpg 1024w, http:\/\/traenkhof-kapelle.de\/wp-content\/uploads\/2014\/08\/IMG_6089-300x200.jpg 300w, http:\/\/traenkhof-kapelle.de\/wp-content\/uploads\/2014\/08\/IMG_6089-768x512.jpg 768w, http:\/\/traenkhof-kapelle.de\/wp-content\/uploads\/2014\/08\/IMG_6089-600x400.jpg 600w\" sizes=\"auto, (max-width: 600px) 100vw, 600px\" \/><\/a>\n\t\t\t<\/dt><\/dl><br style=\"clear: both\" \/><dl class='gallery-item'>\n\t\t\t<dt class='gallery-icon landscape'>\n\t\t\t\t<a href='http:\/\/traenkhof-kapelle.de\/index.php\/unsere-krippe\/img_6099\/'><img loading=\"lazy\" decoding=\"async\" width=\"600\" height=\"400\" src=\"http:\/\/traenkhof-kapelle.de\/wp-content\/uploads\/2014\/08\/IMG_6099-1024x683.jpg\" class=\"attachment-large size-large\" alt=\"\" srcset=\"http:\/\/traenkhof-kapelle.de\/wp-content\/uploads\/2014\/08\/IMG_6099-1024x683.jpg 1024w, http:\/\/traenkhof-kapelle.de\/wp-content\/uploads\/2014\/08\/IMG_6099-300x200.jpg 300w, http:\/\/traenkhof-kapelle.de\/wp-content\/uploads\/2014\/08\/IMG_6099-768x512.jpg 768w, http:\/\/traenkhof-kapelle.de\/wp-content\/uploads\/2014\/08\/IMG_6099-600x400.jpg 600w\" sizes=\"auto, (max-width: 600px) 100vw, 600px\" \/><\/a>\n\t\t\t<\/dt><\/dl><br style=\"clear: both\" \/><dl class='gallery-item'>\n\t\t\t<dt class='gallery-icon landscape'>\n\t\t\t\t<a href='http:\/\/traenkhof-kapelle.de\/index.php\/herzlich-willkommen\/img_6077\/'><img loading=\"lazy\" decoding=\"async\" width=\"600\" height=\"400\" src=\"http:\/\/traenkhof-kapelle.de\/wp-content\/uploads\/2014\/12\/img_6077-1024x683.jpg\" class=\"attachment-large size-large\" alt=\"\" srcset=\"http:\/\/traenkhof-kapelle.de\/wp-content\/uploads\/2014\/12\/img_6077-1024x683.jpg 1024w, http:\/\/traenkhof-kapelle.de\/wp-content\/uploads\/2014\/12\/img_6077-300x200.jpg 300w, http:\/\/traenkhof-kapelle.de\/wp-content\/uploads\/2014\/12\/img_6077-600x400.jpg 600w\" sizes=\"auto, (max-width: 600px) 100vw, 600px\" \/><\/a>\n\t\t\t<\/dt><\/dl><br style=\"clear: both\" \/><dl class='gallery-item'>\n\t\t\t<dt class='gallery-icon portrait'>\n\t\t\t\t<a href='http:\/\/traenkhof-kapelle.de\/index.php\/unsere-krippe\/img_6065\/'><img loading=\"lazy\" decoding=\"async\" width=\"600\" height=\"900\" src=\"http:\/\/traenkhof-kapelle.de\/wp-content\/uploads\/2014\/08\/IMG_6065-683x1024.jpg\" class=\"attachment-large size-large\" alt=\"\" srcset=\"http:\/\/traenkhof-kapelle.de\/wp-content\/uploads\/2014\/08\/IMG_6065-683x1024.jpg 683w, http:\/\/traenkhof-kapelle.de\/wp-content\/uploads\/2014\/08\/IMG_6065-200x300.jpg 200w, http:\/\/traenkhof-kapelle.de\/wp-content\/uploads\/2014\/08\/IMG_6065-768x1152.jpg 768w, http:\/\/traenkhof-kapelle.de\/wp-content\/uploads\/2014\/08\/IMG_6065-600x900.jpg 600w, http:\/\/traenkhof-kapelle.de\/wp-content\/uploads\/2014\/08\/IMG_6065.jpg 2048w\" sizes=\"auto, (max-width: 600px) 100vw, 600px\" \/><\/a>\n\t\t\t<\/dt><\/dl><br style=\"clear: both\" \/><dl class='gallery-item'>\n\t\t\t<dt class='gallery-icon portrait'>\n\t\t\t\t<a href='http:\/\/traenkhof-kapelle.de\/index.php\/vereinsgeschichte-3\/img_6075\/'><img loading=\"lazy\" decoding=\"async\" width=\"600\" height=\"901\" src=\"http:\/\/traenkhof-kapelle.de\/wp-content\/uploads\/2014\/08\/img_6075-682x1024.jpg\" class=\"attachment-large size-large\" alt=\"\" srcset=\"http:\/\/traenkhof-kapelle.de\/wp-content\/uploads\/2014\/08\/img_6075-682x1024.jpg 682w, http:\/\/traenkhof-kapelle.de\/wp-content\/uploads\/2014\/08\/img_6075-200x300.jpg 200w, http:\/\/traenkhof-kapelle.de\/wp-content\/uploads\/2014\/08\/img_6075-600x900.jpg 600w, http:\/\/traenkhof-kapelle.de\/wp-content\/uploads\/2014\/08\/img_6075.jpg 2048w\" sizes=\"auto, (max-width: 600px) 100vw, 600px\" \/><\/a>\n\t\t\t<\/dt><\/dl><br style=\"clear: both\" \/>\n\t\t<\/div>\n\n","protected":false},"excerpt":{"rendered":"<p>Bei der Jahreshauptversammlung des Kapellenvereins im Januar 2003 \u00e4u\u00dferten mehrere Mitglieder den Wunsch, eine Weihnachtskrippe f\u00fcr die Kapelle schnitzen zu lassen. Insbesondere der zweite Vorsitzende Hans-Georg Ochs forcierte diesen Plan sehr, so da\u00df Hermann Langgut aus Elters bereits im Sp\u00e4tsommer anfing, die 40-cm- gro\u00dfen Figuren nach barocker Art zu schnitzen. Egon Bott aus Abtsroda fasste sie farbig ein und Richard<br \/><span class=\"read_more\"><a href=\"http:\/\/traenkhof-kapelle.de\/index.php\/unsere-krippe\/\">Read more&#8230;<\/a><\/span><\/p>\n","protected":false},"author":1,"featured_media":0,"parent":0,"menu_order":0,"comment_status":"closed","ping_status":"closed","template":"","meta":{"_bbp_topic_count":0,"_bbp_reply_count":0,"_bbp_total_topic_count":0,"_bbp_total_reply_count":0,"_bbp_voice_count":0,"_bbp_anonymous_reply_count":0,"_bbp_topic_count_hidden":0,"_bbp_reply_count_hidden":0,"_bbp_forum_subforum_count":0,"footnotes":""},"class_list":["post-364","page","type-page","status-publish","hentry"],"jetpack_sharing_enabled":true,"_links":{"self":[{"href":"http:\/\/traenkhof-kapelle.de\/index.php\/wp-json\/wp\/v2\/pages\/364","targetHints":{"allow":["GET"]}}],"collection":[{"href":"http:\/\/traenkhof-kapelle.de\/index.php\/wp-json\/wp\/v2\/pages"}],"about":[{"href":"http:\/\/traenkhof-kapelle.de\/index.php\/wp-json\/wp\/v2\/types\/page"}],"author":[{"embeddable":true,"href":"http:\/\/traenkhof-kapelle.de\/index.php\/wp-json\/wp\/v2\/users\/1"}],"replies":[{"embeddable":true,"href":"http:\/\/traenkhof-kapelle.de\/index.php\/wp-json\/wp\/v2\/comments?post=364"}],"version-history":[{"count":0,"href":"http:\/\/traenkhof-kapelle.de\/index.php\/wp-json\/wp\/v2\/pages\/364\/revisions"}],"wp:attachment":[{"href":"http:\/\/traenkhof-kapelle.de\/index.php\/wp-json\/wp\/v2\/media?parent=364"}],"curies":[{"name":"wp","href":"https:\/\/api.w.org\/{rel}","templated":true}]}}