{"id":1564,"date":"2023-06-05T20:11:09","date_gmt":"2023-06-05T20:11:09","guid":{"rendered":"http:\/\/traenkhof-kapelle.de\/?page_id=1564"},"modified":"2023-06-05T20:34:33","modified_gmt":"2023-06-05T20:34:33","slug":"fatima-madonna","status":"publish","type":"page","link":"http:\/\/traenkhof-kapelle.de\/index.php\/fatima-madonna\/","title":{"rendered":"Fatima-Madonna"},"content":{"rendered":"<p><a href=\"http:\/\/traenkhof-kapelle.de\/index.php\/fatima-madonna\/fatimamadonna-2\/\" rel=\"attachment wp-att-1573\"><img loading=\"lazy\" decoding=\"async\" class=\"alignleft wp-image-1573\" src=\"http:\/\/traenkhof-kapelle.de\/wp-content\/uploads\/2023\/06\/FatimaMadonna-1-225x300.jpg\" alt=\"\" width=\"274\" height=\"365\" srcset=\"http:\/\/traenkhof-kapelle.de\/wp-content\/uploads\/2023\/06\/FatimaMadonna-1-225x300.jpg 225w, http:\/\/traenkhof-kapelle.de\/wp-content\/uploads\/2023\/06\/FatimaMadonna-1.jpg 450w\" sizes=\"auto, (max-width: 274px) 100vw, 274px\" \/><\/a><\/p>\n<p><strong>Auch in diesem Jahr weilte die von Papst Paul VI. f\u00fcr Deutschland geweihte<\/strong><br \/>\n<strong>Fatima-Madonna wieder in unserer sch\u00f6nen Josefskapelle. Im Rahmen einer<\/strong><br \/>\n<strong>feierlichen Andacht am 21. Mai 2023 wurde sie geb\u00fchrend verehrt.<\/strong><br \/>\n<strong>Unser Vereinsmitglied Stephan N\u00e4der erz\u00e4hlte von einer Gebetserh\u00f6rung auf<\/strong><br \/>\n<strong>die F\u00fcrsprache unserer lieben Frau von Fatima. Zum Abschluss der Andacht<\/strong><br \/>\n<strong>stellten alle Anwesenden eine Kerze zu F\u00fc\u00dfen der Fatima-Madonna, mit der<\/strong><br \/>\n<strong>Bitte um Ihre F\u00fcrsprache bei Gott in wichtigen Anliegen.\u00a0<\/strong><strong>Nach Abschluss der Andacht wurde die Madonna vom Ehepaar Faulstich aus Dietershahn an die n\u00e4chste Station ihrer Deutschlandreise gebracht.<\/strong><\/p>\n","protected":false},"excerpt":{"rendered":"<p>Auch in diesem Jahr weilte die von Papst Paul VI. f\u00fcr Deutschland geweihte Fatima-Madonna wieder in unserer sch\u00f6nen Josefskapelle. Im Rahmen einer feierlichen Andacht am 21. Mai 2023 wurde sie geb\u00fchrend verehrt. Unser Vereinsmitglied Stephan N\u00e4der erz\u00e4hlte von einer Gebetserh\u00f6rung auf die F\u00fcrsprache unserer lieben Frau von Fatima. Zum Abschluss der Andacht stellten alle Anwesenden eine Kerze zu F\u00fc\u00dfen der<br \/><span class=\"read_more\"><a href=\"http:\/\/traenkhof-kapelle.de\/index.php\/fatima-madonna\/\">Read more&#8230;<\/a><\/span><\/p>\n","protected":false},"author":1,"featured_media":0,"parent":0,"menu_order":0,"comment_status":"closed","ping_status":"closed","template":"","meta":{"_bbp_topic_count":0,"_bbp_reply_count":0,"_bbp_total_topic_count":0,"_bbp_total_reply_count":0,"_bbp_voice_count":0,"_bbp_anonymous_reply_count":0,"_bbp_topic_count_hidden":0,"_bbp_reply_count_hidden":0,"_bbp_forum_subforum_count":0,"footnotes":""},"class_list":["post-1564","page","type-page","status-publish","hentry"],"jetpack_sharing_enabled":true,"_links":{"self":[{"href":"http:\/\/traenkhof-kapelle.de\/index.php\/wp-json\/wp\/v2\/pages\/1564","targetHints":{"allow":["GET"]}}],"collection":[{"href":"http:\/\/traenkhof-kapelle.de\/index.php\/wp-json\/wp\/v2\/pages"}],"about":[{"href":"http:\/\/traenkhof-kapelle.de\/index.php\/wp-json\/wp\/v2\/types\/page"}],"author":[{"embeddable":true,"href":"http:\/\/traenkhof-kapelle.de\/index.php\/wp-json\/wp\/v2\/users\/1"}],"replies":[{"embeddable":true,"href":"http:\/\/traenkhof-kapelle.de\/index.php\/wp-json\/wp\/v2\/comments?post=1564"}],"version-history":[{"count":0,"href":"http:\/\/traenkhof-kapelle.de\/index.php\/wp-json\/wp\/v2\/pages\/1564\/revisions"}],"wp:attachment":[{"href":"http:\/\/traenkhof-kapelle.de\/index.php\/wp-json\/wp\/v2\/media?parent=1564"}],"curies":[{"name":"wp","href":"https:\/\/api.w.org\/{rel}","templated":true}]}}

<p><a href="http://traenkhof-kapelle.de/index.php/fatima-madonna/fatimamadonna-2/" rel="attachment wp-att-1573"><img loading="lazy" decoding="async" class="alignleft wp-image-1573" src="http://traenkhof-kapelle.de/wp-content/uploads/2023/06/FatimaMadonna-1-225x300.jpg" alt="" width="274" height="365" srcset="http://traenkhof-kapelle.de/wp-content/uploads/2023/06/FatimaMadonna-1-225x300.jpg 225w, http://traenkhof-kapelle.de/wp-content/uploads/2023/06/FatimaMadonna-1.jpg 450w" sizes="auto, (max-width: 274px) 100vw, 274px" /></a></p>
<p><strong>Auch in diesem Jahr weilte die von Papst Paul VI. für Deutschland geweihte</strong><br />
<strong>Fatima-Madonna wieder in unserer schönen Josefskapelle. Im Rahmen einer</strong><br />
<strong>feierlichen Andacht am 21. Mai 2023 wurde sie gebührend verehrt.</strong><br />
<strong>Unser Vereinsmitglied Stephan Näder erzählte von einer Gebetserhörung auf</strong><br />
<strong>die Fürsprache unserer lieben Frau von Fatima. Zum Abschluss der Andacht</strong><br />
<strong>stellten alle Anwesenden eine Kerze zu Füßen der Fatima-Madonna, mit der</strong><br />
<strong>Bitte um Ihre Fürsprache bei Gott in wichtigen Anliegen. </strong><strong>Nach Abschluss der Andacht wurde die Madonna vom Ehepaar Faulstich aus Dietershahn an die nächste Station ihrer Deutschlandreise gebracht.</strong></p>

<p>Auch in diesem Jahr weilte die von Papst Paul VI. für Deutschland geweihte Fatima-Madonna wieder in unserer schönen Josefskapelle. Im Rahmen einer feierlichen Andacht am 21. Mai 2023 wurde sie gebührend verehrt. Unser Vereinsmitglied Stephan Näder erzählte von einer Gebetserhörung auf die Fürsprache unserer lieben Frau von Fatima. Zum Abschluss der Andacht stellten alle Anwesenden eine Kerze zu Füßen der<br /><span class="read_more"><a href="http://traenkhof-kapelle.de/index.php/fatima-madonna/">Read more&#8230;</a></span></p>
